. Suppose -b*f = -0*f + 10. Let v(x) = 0 + 553*x**3 + 2 - 554*x**3 - 4*x**2. Give v(f).
-6
Suppose 4*w - 45 = -5*v, 5*v + w - 35 = -w. Let q(j) = -2 - v*j + 4*j - j - 1. What is q(-4)?
5
Let w(m) be the third derivative of 1/2*m**3 + 0 - 5/24*m**4 + 0*m - 7*m**2 + 1/30*m**5. Calculate w(3).
6
Let p(y) be the first derivative of -y**3/6 + 5*y**2/2 - 7*y + 2. Let o(k) be the first derivative of p(k). Give o(5).
0
Let g(f) be the first derivative of -3*f**2/2 + 7*f - 1. Suppose -4*t = -40 + 20. Give g(t).
-8
Let h(a) = 3*a + 3*a - 2 - 2*a - 5*a. Give h(3).
-5
Let d be (-4)/(-10) - ((-90)/(-25))/(-1). Let l(w) = -w + 5. Calculate l(d).
1
Let x(l) = -l**2 + l + 1. Let s(w) = 7*w - 3. Let f(h) = -3*h + 1. Let i(d) = 13*f(d) + 6*s(d). Let r be i(4). Suppose 5*m - 8 = r. What is x(m)?
-5
Let b(m) = -m**3 + 4*m**2 - 2. Let y(u) = -u + 1. Let c(s) = b(s) + 4*y(s). Give c(3).
-1
Let j(v) = v - 8. Suppose -5*f + d = -f + 7, 2*d = f. Let r be 8/6*(f + -10). Let c be r/(-6)*(-9)/(-6). Determine j(c).
-4
Let k(s) = 3*s**2 - 21*s - 11. Let j(g) = -2*g**2 + 14*g + 7. Let m be (1/3)/(2/48). Let f(w) = m*j(w) + 5*k(w). Give f(6).
7
Let s(w) = w**3 - w**2 + w + 6. Let y be (-1 + 4 + -3)/(-2). Determine s(y).
6
Suppose -3*l - l + 28 = -4*y, l + y = 7. Suppose -5*o - 64 = -4*b, -35 = -3*b + 4*o + 14. Let j = l - b. Let q(t) = t**2 + 6*t + 5. What is q(j)?
-3
Let a = -7 - -5. Let m(n) = -n**2 + 2*n + 3. Determine m(a).
-5
Let g(s) be the first derivative of s**3/3 + 3*s**2 - 6*s + 4. Let f be g(-7). Let p(u) = 6*u**2 - u. Determine p(f).
5
Let h(u) be the third derivative of u**5/60 + 7*u**3/6 + u**2. Determine h(0).
7
Suppose 3 = 4*m + 7. Let k be m/(((-2)/5)/(-2)). Let v(g) = g**3 + 4*g**2 - 5*g + 1. Calculate v(k).
1
Let x(t) = -t**3 - t**2 + t - 10. Let c = 114 + -114. Calculate x(c).
-10
Let k(z) = z**3 - 5*z**2 + 4*z - 5. Let b(q) = -q + 20. Let s be b(15). What is k(s)?
15
Let w = 14 + -8. Let m(i) = i**2 - 4*i**2 - w*i**3 - i + 2*i + 5*i**2. What is m(-1)?
7
Suppose 0*q + 4*q = -0*q. Let j(s) = s + 11. Calculate j(q).
11
Suppose 0 = -5*g + g + 8. Let v be 6 - ((-1 - 1) + 5). Suppose -g*w - v*w - 20 = 0. Let h(r) = 3*r + 4. Calculate h(w).
-8
Suppose -3*g - p + 5*p = 4, 0 = 4*g - 5*p + 4. Let h(c) = -c**3 + 4*c - 2*c**2 + 1 + 2*c**2 + 0*c**2 - g*c**2. What is h(-5)?
6
Let a(t) = -t**2 + 4*t + 5. Suppose 0*o = 2*o - 8. Suppose -j = -o*s - 1 + 9, 3*s = 9. Give a(j).
5
Let n(a) = a**3 - 5*a**2 + a + 1. Suppose 0 = 5*t + f + 66, 4*f + 3 = -1. Let b = t + 18. Determine n(b).
6
Let p(m) = -5*m**3 - 14*m**2 - 5*m + 1. Let i(h) = h**3 + h**2 + h. Let o(r) = -6*i(r) - p(r). Calculate o(8).
-9
Suppose 3*t - 5*l + 11 = 0, -3*l + 1 = -3*t - 8. Suppose 4*d + 0*d + 4 = 0. Let z(g) = g**2 + 7*g - 5. Let u(h) = -h + 1. Let n(f) = d*z(f) - 6*u(f). Give n(t).
-3
Let j(l) = -l**3 - l**2 + 3*l + 2. Let i be j(-2). Suppose i = -4*w + 3*w - 5. Let u(m) = -m**3 - 5*m**2 + m + 1. Give u(w).
-4
Let l(n) = -n**2 - n - 14. Let m be (-102)/(-18) + (-1)/(-3). Suppose -3*h - 25 = 5*s, -2*h - m*s - 15 = -3*s. Calculate l(h).
-14
Let y(p) be the first derivative of 2*p**3/3 - 2*p**2 - p - 3. Calculate y(3).
5
Let j(g) = -g**3 + 5*g**2 - 5*g + 3. Let n = 2 - 0. Suppose n*k = 4*k - 6. Calculate j(k).
6
Let t = 2 + 2. Suppose -3*z = -t*z. Suppose z*k = 2*k - 10. Let s(p) = p**3 - 5*p**2 + p + 3. Calculate s(k).
8
Let n(j) = j**2 + j**3 + 6*j - 2*j - 2*j - 7 - j. Let l be n(0). Let k(b) = -b**2 - 6*b + 8. What is k(l)?
1
Let r(q) = 12*q**2 - 2*q**2 - 9*q**2 + 0*q**2 + 5 - 4*q. Calculate r(5).
10
Let j(d) = -d + 3. Let g be j(0). Suppose -v - 19 = g*p - 8, -4*p = -v + 17. Let c(h) = -2*h**2 - 6*h - 1. What is c(p)?
-9
Let k(d) = 36*d - 14*d - 19*d. Give k(-3).
-9
Let c(n) = 2*n + 0*n - 5*n**2 - 3*n + 6*n**2 + 6. Calculate c(0).
6
Let o(y) be the third derivative of y**6/120 + y**5/12 + y**4/24 + y**3/6 + 25*y**2. Give o(-5).
-4
Let i(m) be the second derivative of m**3/6 - 3*m**2/2 + 6*m. Calculate i(0).
-3
Let t(m) = m**3 - 4*m**2 + 2*m + 1. Suppose 10 + 10 = 4*f. Suppose f*b + 7 = -5*d - 8, 29 = 2*b - 5*d. Determine t(b).
-3
Suppose -3*w + 60 = -5*j, 7*j = -2*w + 6*j + 53. Suppose 6*y - 20 = 2*y. Suppose 0 = 2*n - 2*a - a + 11, -y*n + 5*a = w. Let l(v) = v + 5. What is l(n)?
1
Suppose -3*x + x = -10. Suppose 0 = x*p - 10*p + 15. Let o(q) = 6*q**2 - 16*q - 9. Let k(g) = -2*g**2 + 5*g + 3. Let b(z) = -7*k(z) - 2*o(z). What is b(p)?
6
Suppose -2*k - 36 = 5*c + 2*k, k - 4 = 2*c. Let p(u) = -u**2 - 4*u + 5. Determine p(c).
5
Let a be ((-6)/(-7))/3 - (-180)/105. Let f(h) = h**3 - h. Determine f(a).
6
Let m(n) = 5 - n**3 + 2*n**3 + 2. Let r = 10 + -7. Suppose -3*s - r*p = 9, 0 = 4*s + s + p + 3. Determine m(s).
7
Let n(p) = 2*p + 3. Suppose 3*b + 10 = -4*t, -4*b = -t - 1 - 11. Give n(t).
-5
Suppose 5*d + 30 = -0*d. Let i(n) = -n**2 - 5*n + 4. Calculate i(d).
-2
Let g(f) = -f**3 - 4*f**2 - 4*f. Let i be g(-3). Let q(w) = 4*w**2 - 37 + w**i + 41 + 2*w**2. Determine q(-6).
4
Suppose -8 = -d - 4*p, -8*d = -4*d + 2*p - 4. Let v(l) = -1 + d - 3*l + 4*l. Give v(1).
0
Let m(p) = -3*p. Let v(h) = -h - 2. Let l be v(-6). What is m(l)?
-12
Let r = -52 - -55. Let n(o) = 2*o + 2. Let b(v) = -4*v - 5. Let h(a) = 6*b(a) + 13*n(a). What is h(r)?
2
Let x(l) = 6*l**3 + 2*l**2 + 2*l + 1. Let f be -2 + -1 - (4 + -9). Suppose -6*j + f*j = -20. Suppose 0 = 5*a + j. Give x(a).
-5
Let p(g) = -g**2 + 3*g + 1. Let t(s) = s + 1. Let m be t(-3). Give p(m).
-9
Let q(v) = -2*v - 6. Let z be q(-4). Let s(i) = -i**3 + i**3 - i**3 + 4*i**z. Determine s(4).
0
Let j(w) = -4*w**2 - w + 8. Let n(i) = -9*i**2 - i + 17. Let x(k) = 7*j(k) - 3*n(k). Let o(s) = -s - 7. Let z be o(-3). What is x(z)?
5
Suppose -m = 68 - 69. Let z(f) = 1 + 0 - 4*f + 0. Determine z(m).
-3
Let y(p) = p**2 + 13*p + 3. Let h be 27/(-2) + 2/4. Let k be y(h). Suppose d = k*d. Let w(f) = f**2 + 1. Give w(d).
1
Let z(f) = 3*f + 4. Let n be 22/4 + (-4)/(-8). Suppose -3*r - n = 6. Calculate z(r).
-8
Suppose y = 2*y. Suppose 0*z - 20 = -5*z. Let p(d) = -d + 1. Let l(s) = -s + 2. Let r(v) = z*l(v) - 5*p(v). Give r(y).
3
Let o(l) = l**3 - 6*l**2 + 7*l + 2. Suppose a = b - 5, -20 = -4*b - 2*a + 7*a. Suppose 0*g - b*g = -25. Calculate o(g).
12
Let w = 1 + -2. Let s be (-8)/(-3) - w/3. Let j(a) = 0*a**2 - 2*a**2 - a + 2*a**3 + 2*a**s. Give j(-1).
-5
Let f(g) = -11*g + 7. Let h(c) = -7*c + 5. Let l(z) = 5*f(z) - 8*h(z). Calculate l(6).
1
Let w(u) = 4*u**2 + u - 2. Let j = -4 + -5. Let h be (6/4)/(j/24). Let n(g) = 5*g**2 - 2. Let o(k) = h*w(k) + 3*n(k). Determine o(-5).
-3
Let y(x) = 10*x + 2 - 4*x + 9*x - 1. Calculate y(-1).
-14
Let a(b) = -b**2 - 2*b - 3. Suppose 2*w - w - 1 = q, 15 = -5*q. Give a(w).
-3
Suppose b - 8 = -b. Suppose 0 = -5*l + 3*c - 22, -12 = -b*l - 2*c - 3*c. Let i(m) = -3*m - 5 + 0 + 3. Calculate i(l).
4
Suppose -f + 5 - 1 = 0. Let j(g) = 4 - f + 2*g. Suppose 105*p = 122*p - 17. Determine j(p).
2
Let q(x) = -2*x**2 + 2. Let n be q(-1). Let z(v) = v - 9. Give z(n).
-9
Suppose -11 + 13 = -2*x. Let t(w) = -3*w. Determine t(x).
3
Suppose -y = s - 5*y - 20, -4*s + 20 = -y. Suppose 5*d - 28 = 4*l, -5*d = -s*l - d - 24. Let n(q) = q**2 + q - 2. Calculate n(l).
0
Let k(d) = -3*d - 2. Let c be (4 + -4)/((-1)/(-1)). Suppose -3*w + 34 = -4*s - c*w, -2*s = 4*w + 28. Let m = 7 + s. Calculate k(m).
7
Suppose -5*u = 5*q - 5, -2*u + 9 = 5*q + u. Suppose h = 5*x - 3*x + 7, -4*h - 38 = q*x. Let a(l) = -l - 6. What is a(x)?
0
Let u(w) = -9*w + 5 + 3*w + 2*w**2 + 2*w**2 - 3*w**2. Suppose -4*y + 2*l = 1 - 11, -3*l = 4*y - 35. Determine u(y).
0
Let m(s) be the second derivative of 0*s**2 + 7/12*s**4 - s - 4/3*s**3 - 1/20*s**5 + 0. Calculate m(6).
-12
Let t(b) = b**2 - 7*b. Let q(y) = y**3 - y**2 + 8*y. Let k(a) = 6*q(a) + 7*t(a). Calculate k(1).
6
Let s(c) = c**3 + 5*c**2 - 8*c - 8. Let u(f) = -4*f + 6. Let b be u(3). Calculate s(b).
4
Suppose -3*s + 2*o + 5 = 0, 1 + 10 = 5*s - 4*o. Let j(a) be the second derivative of -7*a**5/20 + a**3/6 + a. What is j(s)?
6
Let f(y) = -2*y + 5. Let c(h) = -h**2 + 5*h - 1. Let q be c(3). Suppose -q*w = -2*d - 15 - 5, 3*w - d - 13 = 0. Calculate f(w).
-7
Let p(w) = -25*w**3 - w + 51*w**3 - 1 + w**2 - 25*w**3. Calculate p(-1).
0
Suppose -5*u - 3*z + 23 = 4, 5*u + 5*z = 25. Let p(d) = d + 1. Give p(u).
3
Let f(l) = -6*l**2 + l + 1. Let j be 4/